s 544097 composite?
False
Is 36626647 prime?
True
Is 11587519 prime?
True
Is 1304509 prime?
False
Is 1333253 a composite number?
False
Is 55014101 a composite number?
True
Is 20285921 prime?
True
Is 632898641 composite?
True
Is 1948607 a prime number?
False
Is 81808891 a prime number?
True
Is 6962257 prime?
False
Is 35168279 composite?
True
Is 10900847 composite?
False
Is 26087357 prime?
False
Is 25659583 a composite number?
False
Is 14020109 a composite number?
False
Is 7028173 prime?
True
Is 13678631 prime?
True
Is 3882518 a prime number?
False
Is 2196697 prime?
True
Is 14829497 prime?
True
Is 13863647 prime?
False
Is 749699 a prime number?
False
Is 1656491 a prime number?
True
Is 10999811 prime?
True
Is 2181057 a prime number?
False
Is 7231979 a prime number?
True
Is 1700079 composite?
True
Is 14483109 a composite number?
True
Is 7077059 a composite number?
True
Is 14476763 a prime number?
False
Is 529070467 prime?
True
Is 103778131 a prime number?
False
Is 17828957 a prime number?
False
Is 1103387 composite?
True
Is 3229931 composite?
True
Is 19943817 prime?
False
Is 745697 prime?
True
Is 2179027 a composite number?
True
Is 133372693 composite?
False
Is 2589007 a composite number?
False
Is 71279899 composite?
False
Is 144186551 composite?
False
Is 47805643 a composite number?
False
Is 314457529 a composite number?
False
Is 36231609 a composite number?
True
Is 367345621 prime?
False
Is 772352173 a composite number?
False
Is 897049 a prime number?
True
Is 561521 a composite number?
False
Is 425949565 composite?
True
Is 10038331 a composite number?
False
Is 11255039 a prime number?
True
Is 4980049 prime?
False
Is 350087 a prime number?
True
Is 16741321 composite?
False
Is 35449937 composite?
False
Is 14450159 a prime number?
True
Is 2083117 prime?
True
Is 2688767 prime?
True
Is 10030213 a composite number?
True
Is 11199719 prime?
False
Is 71913869 prime?
False
Is 21611381 prime?
False
Is 34868999 a prime number?
False
Is 148965461 a prime number?
False
Is 63279779 composite?
False
Is 466943 a composite number?
True
Is 20614733 composite?
False
Is 6054959 a prime number?
False
Is 2011697 prime?
True
Is 1981933 a composite number?
True
Is 235489067 a composite number?
True
Is 6685303 a composite number?
False
Is 50509807 composite?
False
Is 10180393 composite?
False
Is 60454099 prime?
False
Is 723690317 prime?
False
Is 92972939 a prime number?
True
Is 58569037 a prime number?
False
Is 47681357 a prime number?
True
Is 92152549 prime?
True
Is 2168759 a composite number?
True
Is 7652045 composite?
True
Is 829349 a composite number?
False
Is 71415431 a composite number?
False
Is 5696459 prime?
True
Is 25002973 prime?
True
Is 334337921 composite?
False
Is 3690641 a prime number?
False
Is 86186423 a composite number?
False
Is 19889027 a prime number?
True
Is 14513381 composite?
True
Is 9900589 prime?
True
Is 207271409 composite?
False
Is 1084543 a composite number?
False
Is 4121273 a composite number?
True
Is 160741445 a composite number?
True
Is 6466231 a composite number?
True
Is 29781107 prime?
True
Is 2347391 composite?
True
Is 467980813 a composite number?
False
Is 717883 a composite number?
False
Is 8689399 composite?
False
Is 135403 prime?
True
Is 6905651 composite?
False
Is 68454431 a prime number?
True
Is 2494001 a composite number?
True
Is 159582733 a composite number?
False
Is 87418823 composite?
False
Is 8533193 a composite number?
True
Is 3491621 prime?
False
Is 195699989 prime?
True
Is 670767 a prime number?
False
Is 166679 a composite number?
False
Is 994745833 a composite number?
True
Is 32543237 composite?
True
Is 21725159 composite?
True
Is 12391231 prime?
True
Is 3580809 prime?
False
Is 47492131 a composite number?
False
Is 830369837 composite?
True
Is 50057899 a prime number?
False
Is 158471 composite?
True
Is 8567041 a composite number?
True
Is 71582501 prime?
True
Is 36272869 a prime number?
True
Is 36316949 composite?
False
Is 5434697 prime?
True
Is 5437283 a prime number?
False
Is 829275983 prime?
False
Is 99759001 prime?
True
Is 1379489 composite?
False
Is 14028041 prime?
True
Is 3073441 composite?
True
Is 17981819 composite?
False
Is 1285781 composite?
True
Is 4653397 a prime number?
False
Is 235927559 a composite number?
True
Is 63421201 a prime number?
True
Is 43250641 a prime number?
False
Is 115377035 composite?
True
Is 55070677 a prime number?
True
Is 1938257 composite?
False
Is 62411849 a composite number?
False
Is 67447499 composite?
True
Is 32097743 composite?
True
Is 36361261 a prime number?
True
Is 3948019 composite?
True
Is 4244819 prime?
True
Is 5288285 prime?
False
Is 570153 composite?
True
Is 370088833 a prime number?
True
Is 34196053 a composite number?
False
Is 99871687 a prime number?
False
Is 322753711 a composite number?
True
Is 7522609 a prime number?
True
Is 261723719 composite?
False
Is 3041329 a prime number?
False
Is 42191 a composite number?
True
Is 17931071 prime?
False
Is 133827011 a prime number?
True
Is 2449261 composite?
True
Is 247933303 prime?
True
Is 1973669 a prime number?
True
Is 2016653 composite?
False
Is 369647 prime?
True
Is 34105249 composite?
True
Is 402431 a composite number?
True
Is 1269595 prime?
False
Is 400747099 a composite number?
True
Is 341351 a composite number?
True
Is 372715601 composite?
True
Is 2420669 composite?
True
Is 15126271 prime?
False
Is 254287 a composite number?
True
Is 9105491 a prime number?
True
Is 2720919 prime?
False
Is 350003 a prime number?
True
Is 59897027 composite?
True
Is 1579699 a prime number?
False
Is 65986391 composite?
False
Is 39954823 a prime number?
True
Is 17266681 composite?
False
Is 2484857 a prime number?
True
Is 84767183 composite?
False
Is 3904469 composite?
False
Is 12680347 composite?
True
Is 4087963 a composite number?
True
Is 10900943 prime?
False
Is 27458939 prime?
True
Is 14056507 prime?
True
Is 2573299 a composite number?
True
Is 1290561157 prime?
False
Is 4460999 composite?
False
Is 1083337 composite?
False
Is 1330933 prime?
True
Is 1828901 a prime number?
True
Is 405401 composite?
False
Is 7071187 a prime number?
True
Is 771143 a composite number?
False
Is 44496799 a prime number?
True
Is 366169927 a prime number?
False
Is 500567383 a prime number?
True
Is 11765311 composite?
True
Is 5171561 a composite number?
False
Is 33628589 prime?
False
Is 5981 composite?
False
Is 7399021 prime?
False
Is 41088527 prime?
False
Is 178739 composite?
True
Is 8755817 prime?
False
Is 12300227 prime?
True
Is 7670731 composite?
True
Is 7753873 composite?
False
Is 55986257 prime?
True
Is 8373671 composite?
False
Is 5050729 a prime number?
False
Is 5374619 prime?
False
Is 116554353 a prime number?
False
Is 1352389 composite?
False
Is 591377 a composite number?
False
Is 488111 a composite number?
True
Is 4314811 a composite number?
True
Is 5222573 composite?
False
Is 93941863 a composite number?
False
Is 233196413 prime?
False
Is 5874109 a composite number?
True
Is 461309647 prime?
True
Is 4237453 a prime number?
False
Is 27175373 composite?
False
Is 1313891 composite?
False
Is 20966321 a prime number?
False
Is 19657577 a composite number?
True
Is 19811879 a prime number?
False
Is 33541427 a composite number?
False
Is 1726757 prime?
True
Is 18439705 a composite number?
True
Is 19120117 a prime number?
False
Is 527203 a prime number?
True
Is 1889858 a composite number?
True
Is 3105281 prime?
False
Is 490009789 a composite number?
False
Is 1316177 composite?
False
Is 623321293 a composite number?
True
Is 4154197 a composite number?
False
Is 942081995 prime?
False
Is 1371641 a prime number?
True
Is 3911741 prime?
True
Is 10712087 composite?
False
Is 18349015 a prime number?
False
Is 2091337 a prime number?
True
Is 195062905 prime?
False
Is 51312577 a composite number?
False
Is 2984237 a prime number?
True
Is 300516197 a composite number?
True
Is 51263087 composite?
False
Is 2841745 composite?
True
Is 99763109 composite?
False
Is 693649 prime?
False
Is 9762533 a composite number?
True
Is 2581021 a prime number?
False
Is 11626733 a composite number?
True
Is 46340431 prime?
False
Is 38790919 a prime number?
True
Is 5011271 composite?
False
Is 62205911 prime?
False
Is 1393097 composite?
False
Is 26479 composite?
False
Is 6973503 composite?
True
Is 5020